{"id":7453,"date":"2025-03-03T12:52:22","date_gmt":"2025-03-03T12:52:22","guid":{"rendered":"https:\/\/www.osirtuchola.pl\/?page_id=7453"},"modified":"2025-09-01T12:54:04","modified_gmt":"2025-09-01T12:54:04","slug":"zajecia-sportowe","status":"publish","type":"page","link":"https:\/\/www.osirtuchola.pl\/?page_id=7453","title":{"rendered":"ZAJ\u0118CIA SPORTOWE DLA DZIECI"},"content":{"rendered":"\n<p><strong><u>Siatk\u00f3wka Dziewcz\u0105t MLKS Tucholanka Tuchola <\/u><\/strong><strong><u>&#x1f3d0;<\/u><\/strong><strong><u><\/u><\/strong><\/p>\n\n\n\n<p>Treningi dla dzieci z rocznik\u00f3w: 2014 \u2013 2017<\/p>\n\n\n\n<p>Trener Ewa Anczykowska<\/p>\n\n\n\n<p>Kontakt: 889-404-932<\/p>\n\n\n\n<p><a href=\"https:\/\/www.facebook.com\/MlksTucholankaPksUnitas\">https:\/\/www.facebook.com\/MlksTucholankaPksUnitas<\/a><\/p>\n\n\n\n<p><strong>S<u>iatk\u00f3wka Ch\u0142opc\u00f3w MLKS Tucholanka Tuchola &#x1f3d0;<\/u><\/strong><\/p>\n\n\n\n<p>Treningi dla dzieci z rocznik\u00f3w: 2015 i starsi<\/p>\n\n\n\n<p>Trener Tomasz Mikulski <\/p>\n\n\n\n<p>Kontakt: 880-139-034<\/p>\n\n\n\n<p><a href=\"https:\/\/www.facebook.com\/profile.php?id=61577005462690\">https:\/\/www.facebook.com\/profile.php?id=61577005462690<\/a><\/p>\n\n\n\n<p><strong><u>Pi\u0142ka no\u017cna Dziewcz\u0105t MLKS Tucholanka Tuchola <\/u><\/strong><strong><u>&#x26bd;&#xfe0f;<\/u><\/strong><strong><u><\/u><\/strong><\/p>\n\n\n\n<p>Treningi dla dzieci z rocznik\u00f3w: 2012 i m\u0142odsze<\/p>\n\n\n\n<p>Trener Bartosz Babi\u0144ski <\/p>\n\n\n\n<p>Kontakt: 503-370-172<\/p>\n\n\n\n<p><strong><u>Koszyk\u00f3wka Dziewcz\u0105t Basket Tuchola<\/u><\/strong><strong><u>&#x1f3c0;<\/u><\/strong><\/p>\n\n\n\n<p>Treningi dla dzieci z rocznik\u00f3w: 2012 i starsze<\/p>\n\n\n\n<p>Trener Szymon Knet <\/p>\n\n\n\n<p>Kontakt: 601-751-315<\/p>\n\n\n\n<p><a href=\"https:\/\/www.facebook.com\/profile.php?id=100092507310899\">https:\/\/www.facebook.com\/profile.php?id=100092507310899<\/a><\/p>\n\n\n\n<p><strong><u>Lekkoatletyka dla Dziewcz\u0105t i Ch\u0142opc\u00f3w MLKS Tucholanka Tuchola <\/u><\/strong><strong><u>&#x1f3c3;&#x200d;&#x2640;&#xfe0f;<\/u><\/strong><strong><u><\/u><\/strong><\/p>\n\n\n\n<p>Treningi dla dzieci z rocznik\u00f3w: 2017 i starsze<\/p>\n\n\n\n<p>Trener Karolina Hoppe<\/p>\n\n\n\n<p>Kontakt do trenera: 506-151-574<\/p>\n\n\n\n<p><strong><u>Pi\u0142ka no\u017cna Ch\u0142opc\u00f3w MLKS Tucholanka Tuchola <\/u><\/strong><strong><u>&#x26bd;&#xfe0f;<\/u><\/strong><strong><u><\/u><\/strong><\/p>\n\n\n\n<p>Treningi dla dzieci z rocznik\u00f3w: 2020 i starsi<\/p>\n\n\n\n<p>Kierownik Sekcji Wojciech Koci\u0144ski <\/p>\n\n\n\n<p>Kontakt: 533-998-630<\/p>\n\n\n\n<p><a href=\"https:\/\/www.facebook.com\/mlkstuchola\">https:\/\/www.facebook.com\/mlkstuchola<\/a><\/p>\n\n\n\n<p><strong><u>Koszyk\u00f3wka Ch\u0142opc\u00f3w Basket Tuchola <\/u><\/strong><strong><u>&#x1f3c0;<\/u><\/strong><strong><u><\/u><\/strong><\/p>\n\n\n\n<p>Treningi dla dzieci z rocznik\u00f3w: 2012 i starsi<\/p>\n\n\n\n<p>Trener Szymon Knet <\/p>\n\n\n\n<p>Kontakt: 601-751-315<\/p>\n\n\n\n<p><a href=\"https:\/\/www.facebook.com\/profile.php?id=100092507310899\">https:\/\/www.facebook.com\/profile.php?id=100092507310899<\/a><\/p>\n\n\n\n<p><strong><u>Karate dla Dziewcz\u0105t i Ch\u0142opc\u00f3w <\/u><\/strong><strong><u>&#x1f94b;<\/u><\/strong><\/p>\n\n\n\n<p>Treningi dla dzieci z rocznik\u00f3w: 2019 i starsze<\/p>\n\n\n\n<p>Trener Tomasz Krygowski <\/p>\n\n\n\n<p>Kontakt: 606-257-225<\/p>\n\n\n\n<p><strong><u>Fitness Sportowy dla Dziewcz\u0105t i Ch\u0142opc\u00f3w <\/u><\/strong><strong><u>&#x1f938;&#x200d;&#x2640;&#xfe0f;<\/u><\/strong><strong><u><\/u><\/strong><\/p>\n\n\n\n<p>Trener Weronika Schreiber <\/p>\n\n\n\n<p>Kontakt: 793-101-701<\/p>\n\n\n\n<p><a href=\"https:\/\/www.facebook.com\/trenerkakillerka\">https:\/\/www.facebook.com\/trenerkakillerka<\/a><\/p>\n\n\n\n<p><strong><u>Szachy <\/u><\/strong>&#x265f;<\/p>\n\n\n\n<p>Trener Piotr Jarosz <\/p>\n\n\n\n<p>Kontakt: 692-220-303<\/p>\n\n\n\n<p><a href=\"https:\/\/www.facebook.com\/profile.php?id=100033242959505\">https:\/\/www.facebook.com\/profile.php?id=100033242959505<\/a><\/p>\n","protected":false},"excerpt":{"rendered":"<p>Siatk\u00f3wka Dziewcz\u0105t MLKS Tucholanka Tuchola &#x1f3d0; Treningi dla dzieci z rocznik\u00f3w: 2014 \u2013 2017 Trener Ewa Anczykowska Kontakt: 889-404-932 https:\/\/www.facebook.com\/MlksTucholankaPksUnitas Siatk\u00f3wka Ch\u0142opc\u00f3w MLKS Tucholanka Tuchola &#x1f3d0; Treningi dla dzieci z rocznik\u00f3w: 2015 i starsi Trener Tomasz Mikulski Kontakt: 880-139-034 https:\/\/www.facebook.com\/profile.php?id=61577005462690 Pi\u0142ka no\u017cna Dziewcz\u0105t MLKS Tucholanka Tuchola &#x26bd;&#xfe0f; Treningi dla dzieci z rocznik\u00f3w: 2012 i m\u0142odsze&#8230;<\/p>\n","protected":false},"author":2,"featured_media":0,"parent":0,"menu_order":0,"comment_status":"closed","ping_status":"closed","template":"","meta":{"_kadence_starter_templates_imported_post":false,"_kad_post_transparent":"","_kad_post_title":"","_kad_post_layout":"","_kad_post_sidebar_id":"","_kad_post_content_style":"","_kad_post_vertical_padding":"","_kad_post_feature":"","_kad_post_feature_position":"","_kad_post_header":false,"_kad_post_footer":false,"footnotes":""},"class_list":["post-7453","page","type-page","status-publish","hentry"],"_links":{"self":[{"href":"https:\/\/www.osirtuchola.pl\/index.php?rest_route=\/wp\/v2\/pages\/7453","targetHints":{"allow":["GET"]}}],"collection":[{"href":"https:\/\/www.osirtuchola.pl\/index.php?rest_route=\/wp\/v2\/pages"}],"about":[{"href":"https:\/\/www.osirtuchola.pl\/index.php?rest_route=\/wp\/v2\/types\/page"}],"author":[{"embeddable":true,"href":"https:\/\/www.osirtuchola.pl\/index.php?rest_route=\/wp\/v2\/users\/2"}],"replies":[{"embeddable":true,"href":"https:\/\/www.osirtuchola.pl\/index.php?rest_route=%2Fwp%2Fv2%2Fcomments&post=7453"}],"version-history":[{"count":12,"href":"https:\/\/www.osirtuchola.pl\/index.php?rest_route=\/wp\/v2\/pages\/7453\/revisions"}],"predecessor-version":[{"id":7914,"href":"https:\/\/www.osirtuchola.pl\/index.php?rest_route=\/wp\/v2\/pages\/7453\/revisions\/7914"}],"wp:attachment":[{"href":"https:\/\/www.osirtuchola.pl\/index.php?rest_route=%2Fwp%2Fv2%2Fmedia&parent=7453"}],"curies":[{"name":"wp","href":"https:\/\/api.w.org\/{rel}","templated":true}]}}