{"id":7550,"date":"2025-03-13T11:52:47","date_gmt":"2025-03-13T11:52:47","guid":{"rendered":"https:\/\/www.osirtuchola.pl\/?page_id=7550"},"modified":"2025-03-13T13:19:53","modified_gmt":"2025-03-13T13:19:53","slug":"kapielisko","status":"publish","type":"page","link":"https:\/\/www.osirtuchola.pl\/?page_id=7550","title":{"rendered":"K\u0105pielisko"},"content":{"rendered":"\n<p>K\u0105pielisko z wypo\u017cyczalni\u0105 sprz\u0119tu p\u0142ywaj\u0105cego nad jeziorem G\u0142\u0119boczek to obiekt po ca\u0142kowitej przebudowie, czynne codziennie w okresie letnim (od lipca do ko\u0144ca sierpnia) w godz. 10:00 do 18:00, k\u0105pielisko strze\u017cone, wypo\u017cyczalnia nowo zakupionego sprz\u0119tu p\u0142ywaj\u0105cego, bar oferuj\u0105cy wy\u017cywienie, napoje, lody i s\u0142odycze.<\/p>\n\n\n\n<div class=\"wp-block-file\"><a id=\"wp-block-file--media-36a418fe-9b58-402d-b9f9-1c233fcbab8e\" href=\"https:\/\/www.osirtuchola.pl\/wp-content\/uploads\/2025\/03\/Profil-Wody.docx\">Profil-Wody<\/a><a href=\"https:\/\/www.osirtuchola.pl\/wp-content\/uploads\/2025\/03\/Profil-Wody.docx\" class=\"wp-block-file__button wp-element-button\" download aria-describedby=\"wp-block-file--media-36a418fe-9b58-402d-b9f9-1c233fcbab8e\">Pobierz<\/a><\/div>\n","protected":false},"excerpt":{"rendered":"<p>K\u0105pielisko z wypo\u017cyczalni\u0105 sprz\u0119tu p\u0142ywaj\u0105cego nad jeziorem G\u0142\u0119boczek to obiekt po ca\u0142kowitej przebudowie, czynne codziennie w okresie letnim (od lipca do ko\u0144ca sierpnia) w godz. 10:00 do 18:00, k\u0105pielisko strze\u017cone, wypo\u017cyczalnia nowo zakupionego sprz\u0119tu p\u0142ywaj\u0105cego, bar oferuj\u0105cy wy\u017cywienie, napoje, lody i s\u0142odycze.<\/p>\n","protected":false},"author":2,"featured_media":0,"parent":0,"menu_order":0,"comment_status":"closed","ping_status":"closed","template":"","meta":{"_kadence_starter_templates_imported_post":false,"_kad_post_transparent":"","_kad_post_title":"","_kad_post_layout":"","_kad_post_sidebar_id":"","_kad_post_content_style":"","_kad_post_vertical_padding":"","_kad_post_feature":"","_kad_post_feature_position":"","_kad_post_header":false,"_kad_post_footer":false,"footnotes":""},"class_list":["post-7550","page","type-page","status-publish","hentry"],"_links":{"self":[{"href":"https:\/\/www.osirtuchola.pl\/index.php?rest_route=\/wp\/v2\/pages\/7550","targetHints":{"allow":["GET"]}}],"collection":[{"href":"https:\/\/www.osirtuchola.pl\/index.php?rest_route=\/wp\/v2\/pages"}],"about":[{"href":"https:\/\/www.osirtuchola.pl\/index.php?rest_route=\/wp\/v2\/types\/page"}],"author":[{"embeddable":true,"href":"https:\/\/www.osirtuchola.pl\/index.php?rest_route=\/wp\/v2\/users\/2"}],"replies":[{"embeddable":true,"href":"https:\/\/www.osirtuchola.pl\/index.php?rest_route=%2Fwp%2Fv2%2Fcomments&post=7550"}],"version-history":[{"count":2,"href":"https:\/\/www.osirtuchola.pl\/index.php?rest_route=\/wp\/v2\/pages\/7550\/revisions"}],"predecessor-version":[{"id":7558,"href":"https:\/\/www.osirtuchola.pl\/index.php?rest_route=\/wp\/v2\/pages\/7550\/revisions\/7558"}],"wp:attachment":[{"href":"https:\/\/www.osirtuchola.pl\/index.php?rest_route=%2Fwp%2Fv2%2Fmedia&parent=7550"}],"curies":[{"name":"wp","href":"https:\/\/api.w.org\/{rel}","templated":true}]}}